ase 5, what is 2021100 - -33?
2021133
In base 4, what is -3 + 123303131200?
123303131131
In base 9, what is -4 - 180882214?
-180882218
In base 13, what is 247292b + 4?
2472932
In base 7, what is 0 - -1434236213?
1434236213
In base 6, what is -1 + -1210510111?
-1210510112
In base 12, what is 52 + -425034?
-424ba2
In base 4, what is -131 - -212320122003?
212320121212
In base 15, what is 57 - a6376?
-a631e
In base 9, what is -326117063 + 0?
-326117063
In base 9, what is -2065050 - 0?
-2065050
In base 9, what is -83835 - -1262?
-82563
In base 8, what is 3 + -1275042?
-1275037
In base 7, what is -1421 - 166355?
-201106
In base 15, what is -4 + -b8ce12?
-b8ce16
In base 3, what is -10021112212110 - 10?
-10021112212120
In base 6, what is -2022540 - -222?
-2022314
In base 9, what is 31 - 15308506?
-15308465
In base 12, what is -22 + 1622214?
16221b2
In base 12, what is 1534186 - -157?
1534321
In base 9, what is 275 - -6378032?
6378317
In base 13, what is -151a - 47cb7?
-49504
In base 6, what is -1 - -32115033205?
32115033204
In base 9, what is -16 - 123763?
-123780
In base 4, what is -313313312 - 2303?
-313322221
In base 10, what is -24700505 + -22?
-24700527
In base 3, what is 1022021201111 + -120?
1022021200221
In base 4, what is -221330301 - -301233?
-221023002
In base 10, what is 1 - -5767642?
5767643
In base 13, what is -10039 + 3975?
-9394
In base 11, what is 16aa1031 - 2?
16aa102a
In base 3, what is -110111 + -120120220?
-121001101
In base 5, what is 32220201 + -14?
32220132
In base 15, what is 2ce - 244ad?
-241ce
In base 15, what is -4278 - -1b7?
-40b1
In base 5, what is 123 + 32021234?
32021412
In base 16, what is -809716 + 11?
-809705
In base 2, what is 10001000 - 10100111010111111?
-10100111000110111
In base 5, what is -1020341221 + -10?
-1020341231
In base 11, what is -940a55 + 102?
-940953
In base 3, what is -1012121 + 111120001?
110100110
In base 15, what is 1c - -be1205?
be1222
In base 3, what is 120102021000 + -201210?
120101112020
In base 4, what is -22012111131 + -312?
-22012112103
In base 8, what is 46410 - 10343?
36045
In base 16, what is -b + 2f8cd9?
2f8cce
In base 6, what is 3401311421 - 3?
3401311414
In base 4, what is -1013011011 + 1311?
-1013003100
In base 3, what is -12 + -2121120021112?
-2121120021201
In base 15, what is -88 - -695c6a?
695bd2
In base 16, what is -146f63 + -10?
-146f73
In base 10, what is 6 - -190940970?
190940976
In base 14, what is -a6587 - 3b2?
-a6959
In base 15, what is 53 + -82c766?
-82c713
In base 14, what is -2c + -445b9?
-44607
In base 14, what is -293003d - -3?
-293003a
In base 3, what is -1 + -12202110010101?
-12202110010102
In base 12, what is -191a1 + -670?
-19851
In base 12, what is -4 - 395704?
-395708
In base 6, what is -13 - 10045311342?
-10045311355
In base 4, what is 103100320103 + 0?
103100320103
In base 10, what is -1341835 + -12?
-1341847
In base 4, what is -2013 + 312101330?
312033311
In base 13, what is 39a + -2a188?
-29abb
In base 16, what is 4511 + 743a?
b94b
In base 4, what is -3 - -102120233?
102120230
In base 13, what is -58c631 + -1?
-58c632
In base 7, what is 331654 + -2406?
326245
In base 9, what is -1670872 + 13?
-1670858
In base 2, what is -1110101000001 - 100101110100001?
-110100011100010
In base 3, what is -1002222012100210110 - -10?
-1002222012100210100
In base 2, what is -101101001001101101100 - 10?
-101101001001101101110
In base 6, what is -23014250 - 22?
-23014312
In base 8, what is 17 - -102314510?
102314527
In base 5, what is 31114424342 + 3?
31114424400
In base 14, what is 305 - -49c1d?
4a124
In base 14, what is -4 + 4b6a?
4b66
In base 3, what is -11 + 222002121202110?
222002121202022
In base 13, what is -181 - -4368?
41b7
In base 5, what is 4422441 - -1024?
4424020
In base 9, what is 852407 - 38?
852358
In base 16, what is -362 + -f1?
-453
In base 10, what is 92806948 + 5?
92806953
In base 14, what is -c630d6 + 0?
-c630d6
In base 4, what is 0 - -32233130201222?
32233130201222
In base 8, what is 23774 + 16373?
42367
In base 2, what is -111 - 111110100010010100001?
-111110100010010101000
In base 6, what is -1432054 - 102?
-1432200
In base 6, what is -1112 - 3401314?
-3402430
In base 14, what is 84c72 - -55?
84cc7
In base 7, what is 251510 + -1161?
250316
In base 15, what is -6bbc + -cc4?
-7991
In base 12, what is -10 + -b99a585?
-b99a595
In base 7, what is 452152 - 5531?
443321
In base 13, what is -a50661 - -13?
-a5064b
In base 13, what is 1081 - 14aba?
-13a39
In base 15, what is -532 - 253d?
-2a70
In base 5, what is 100314 - -4332200?
4433014
In base 9, what is -20428 - -70676?
50247
In base 8, what is -60 - -13105077?
13105017
In base 8, what is -7466 - -35073?
25405
In base 3, what is -11 - 1011111020221?
-1011111021002
In base 7, what is -1450311 - -632?
-1446346
In base 15, what is dd920 + 398?
ddcb8
In base 9, what is 2 + 4376043?
4376045
In base 14, what is 729 + -3d03?
-35b8
In base 2, what is 10101000100001011100010001 - -10?
10101000100001011100010011
In base 2, what is 100111011100010000111100 + -1101010?
100111011100001111010010
In base 2, what is 1100100100100 - 101111000111010?
-100010100010110
In base 10, what is -5 + -62156?
-62161
In base 5, what is -10232 + 24323?
14041
In base 4, what is 3233330201 + -2?
3233330133
In base 5, what is -240 - 103423243?
-103424033
In base 16, what is 15 + -7669f?
-7668a
In base 3, what is -10200122212121001 - 0?
-10200122212121001
In base 2, what is 11 + 101101001101111000110100?
101101001101111000110111
In base 12, what is 8b7a78 - b?
8b7a69
In base 10, what is -163534 + -507?
-164041
In base 14, what is 16 + 15724d?
157265
In base 5, what is 13131 - 2141243?
-2123112
In base 6, what is -1453323 + 1042?
-1452241
In base 13, what is -183c30b - 2?
-183c310
In base 5, what is -21 - 40012?
-40033
In base 15, what is -1 + 27a2cc5?
27a2cc4
In base 12, what is 985aa - 77?
98533
In base 2, what is 101001011000010011101 + -1000?
101001011000010010101
In base 13, what is 2340 + 2787?
4ac7
In base 4, what is 10221 - 102103320?
-102033033
In base 13, what is 5 - -655308a?
6553092
In base 11, what is 4 + 3078392?
3078396
In base 3, what is -10200102 + -2221002?
-20121111
In base 11, what is 4049a + -134?
40366
In base 3, what is 12122110 - 22202000?
-10002120
In base 11, what is -9214 + -1367?
-a580
In base 12, what is 89 - 942b60?
-942a93
In base 16, what is -95f96b0 - 5?
-95f96b5
In base 12, what is 160a3 - 3b3?
158b0
In base 10, what is 51284 + 770?
52054
In base 14, what is -128 + 11d7d?
11c55
In base 16, what is -266a8 + 27?
-26681
In base 14, what is -608528 + -5?
-60852d
In base 9, what is -7673261 - -56?
-7673204
In base 13, what is -45b982 + -a?
-45b98c
In base 7, what is -35223 + 5026?
-30164
In base 11, what is -476a327 + -3?
-476a32a
In base 5, what is -3320014 - -24433?
-3240031
In base 2, what is -1000101 + 100110110111011011101?
100110110111010011000
In base 6, what is -5 + 224401354?
224401345
In base 7, what is -5124040405 - 1?
-5124040406
In base 10, what is -4 - 7917493?
-7917497
In base 13, what is 4 + 191098b?
1910992
In base 5, what is -1340314 - -313?
-1340001
In base 3, what is 112 - 10011000002?
-10010222120
In base 11, what is -14 - 787595?
-7875a9
In base 9, what is 1 + -4351818?
-4351817
In base 9, what is -35226228 + 1?
-35226227
In base 12, what is -477a59 + b9?
-477960
In base 9, what is -766372 - 65?
-766447
In base 10, what is -28 - -6031197?
6031169
In base 5, what is -21 - -12323002?
12322431
In base 10, what is 1335183 - 5?
1335178
In base 9, what is -43 + 454142?
454088
In base 3, what is -212200 + -2112211112?
-2120201012
In base 13, what is -5 + -137653?
-137658
In base 15, what is -2b39 - 19d?
-2cd7
In base 9, what is -244465276 - 3?
-244465280
In base 7, what is -40 - -2116006?
2115636
In base 10, what is 736 - -28870?
29606
In base 11, what is 14a + -16a49?
-168aa
In base 15, what is -2bc + -c878?
-cb45
In base 9, what is -70 - 278520?
-278600
In base 10, what is 2277 - 29210?
-26933
In base 8, what is -30326 - -177?
-30127
In base 3, what is -110121212 - 1120120?
-112012102
In base 2, what is -1000010011000100111110 + -11010?
-1000010011000101011000
In base 11, what is -667 - -4156?
359a
In base 5, what is 43 - 100103013?
-100102420
In base 13, what is 53325 + -2280?
51075
In base 9, 